 t(i) = -i - 8. What is t(l)?
-1
Let m(g) = -g**3 - 23*g**2 + 16*g + 73. Let j(i) = 6*i**3 + 117*i**2 - 81*i - 366. Let w(t) = -2*j(t) - 11*m(t). What is w(18)?
1
Let m(v) = -v**2 - 8*v - 4. Suppose 0 = -37*s + 33*s + 36. Let n(w) = w + 5. Let o be n(s). Suppose f = -f - o. Give m(f).
3
Let c(y) = -y**2 - 20*y + 2. Let a(l) = -20*l**3 + 5*l**2 + 2*l - 5. Let q be a(1). Calculate c(q).
38
Let p = 453 + -438. Let a(k) = 4*k - p*k + 10*k + 4 - 8*k. What is a(-4)?
40
Let m(a) = -2 - 1 + 8 + 6140*a**3 - 4*a**2 - 6139*a**3. Calculate m(4).
5
Let r(x) = -x + 15. Let z be 36/54 + (-1 - 295/(-3)). Suppose 2*u + z = 4*s, 2*u - 7*u - 3 = s. Let a be (s/18 - 1) + 18/(-81). What is r(a)?
15
Suppose -s + 1 = 4*j + 5, -5*j = -s - 4. Suppose 2*w + 15*c - 10*c + 11 = j, -55 = -5*w + 4*c. Let x(i) = -i**3 + 7*i**2 + i - 10. Give x(w).
-3
Let p(a) = -6 - 3 - a**2 + 12*a - 4*a + 1. Suppose 3*h + 859*k - 857*k = 12, 5*h + 3*k = 21. Calculate p(h).
4
Let g(v) = -v**2 + 16*v - 29. Suppose 0 = -89*m + 380 + 599. Give g(m).
26
Let u(l) = 8*l**3 - 44*l**2 + 20*l + 30. Suppose 8*n - 226 = -138. Let q(k) = -3*k**3 + 15*k**2 - 7*k - 10. Let b(t) = n*q(t) + 4*u(t). Give b(-11).
-23
Let p(z) be the first derivative of z**5/30 - z**4/8 - z**3/6 + 71*z**2 + 56. Let s(l) be the second derivative of p(l). Determine s(4).
19
Let w(y) = -10 + 69 - 71 - y. What is w(6)?
-18
Suppose -5603*s = -5614*s. Let n(x) be the third derivative of 0*x + 2*x**2 + s + 1/6*x**3 - 1/12*x**4. What is n(4)?
-7
Let p(a) be the first derivative of 5*a**2 - 44*a - 490. Give p(9).
46
Let t(n) = n**3 + 106 + 3*n - 94 - 11 + 5*n**2. Let i = 10 - 9. Suppose -r - i = 4. Calculate t(r).
-14
Let p = 22 - 20. Let w be (2 - (-20)/16)/(p/8). Suppose 2*z + z + 12 = 0, -w = -i + 2*z. Let j(l) = l**2 - 7*l + 6. What is j(i)?
-4
Let d(c) = -7*c**2 - 61*c + 13. Let h be d(-9). Let q(i) = 5 - 65*i + 27*i + 43*i. Calculate q(h).
-20
Let b(s) = 5*s + 2. Let q(a) = 6*a + 3. Let y(h) = -3*b(h) + 2*q(h). Suppose 0 = u + n - 17, 5*u - 4*n - 25 - 96 = 0. Suppose -15 = u*z - 26*z. What is y(z)?
-9
Let i(x) = 2*x**2 + 38*x + 24. Let d(q) = 24*q - 2682. Let k be d(111). Determine i(k).
-12
Let u(g) = 27*g**2 - 7731 + 7709 - 11*g**2 + 18*g**2 + 8*g + 3*g**3. Determine u(-11).
11
Suppose -p + 5*a = 31, 0 = 4*p + 11*a - 9*a + 14. Let f(i) = -2*i**2 - 11*i + 3. Give f(p).
-3
Let b(z) = z - 2. Let f(t) = 8*t + 13*t**2 - 25*t**2 - 22 + 11*t**2. Let x be f(4). Calculate b(x).
-8
Suppose v + 4*v = 0. Suppose -19*j + 158 - 63 = 0. Let r(z) = 4*z - 6 + 0*z + v - j*z. Give r(-3).
-3
Let d(c) be the third derivative of 23*c**5/60 - c**4/12 - c**3/6 + 8*c**2 + 786*c. Suppose -o + 4 - 5 = 0. Determine d(o).
24
Let h(g) be the third derivative of g**5/60 - 5*g**4/24 + 4*g**3/3 - 742*g**2. Calculate h(4).
4
Suppose 72 = 6*w - 696. Let x = -122 + w. Let n(f) = f**2 - 4*f - 5. Give n(x).
7
Suppose -5*k = -25, 4*v + 4*k - 2*k = 170. Let n be ((-6)/4)/(2 - 92/v). Let d(s) = -s + 11. What is d(n)?
6
Suppose -3*k + 3*v - 17 = 2*v, -5*k = -4*v + 26. Let f(l) = 2*l**2 + 2*l. Let p be f(-2). Let u = k + p. Let s(t) = t + 3. Give s(u).
1
Let y be 1 + (8 + -1 - (-32 + 34)). Let u(p) = -2*p**2 + 10*p + 13. Calculate u(y).
1
Let q be ((-10)/3)/((-4)/12). Let k be 6/10 + q/25. Let x(b) be the second derivative of b**4/12 + 12*b. Determine x(k).
1
Let z(o) = o + 9. Let x be -2*(-21)/(-24) - 10/40. Let d be (-7 - (-90)/12)/(x/28). Calculate z(d).
2
Let n(m) = 130 + 24 + m - 166. What is n(3)?
-9
Let k(r) = -r**3 + 10*r**2 + 3*r - 8. Let l = -62 + 633. Let d = l - 561. Determine k(d).
22
Let f(r) = 7*r + 5. Let a be f(1). Let w = 6 - a. Let u(y) = 17*y**3 - 9*y**3 - 7*y**3 + 6*y**2 - 4*y - 7. Give u(w).
17
Let t(d) = 7*d**2 - 89*d - 24. Let w be t(13). Let r(f) = -f**2 + 15*f - 24. Determine r(w).
2
Let g(h) = -74*h - 146. Let t be g(-2). Let y(w) = -2 - 6*w + 3 + 3 + t + w**2 - 1. Calculate y(6).
5
Suppose -225*h = -241*h - 352. Let j(f) = -f - 9. Determine j(h).
13
Let a(y) = y + 3. Suppose 2 = 5*r - 2*q, -3*q - 2*q = -r - 18. Give a(r).
5
Let j = 100 - 97. Let l(t) = -7*t**2 + 3*t**2 + 0*t**j - 6154*t + 6152*t - t**3 - 6. Determine l(-4).
2
Let q(c) = -c - 64. Suppose 19*g = -17185 + 16957. Give q(g).
-52
Suppose 96*c = 84*c + 24. Let w(q) = -1 + 6356*q**2 - q - 6357*q**c + 4*q - 2*q**3. Determine w(-2).
5
Let x(q) = -q**3 + q**2 + q - 1. Let d = -1398 + 733. Let r = 666 + d. Give x(r).
0
Let g(w) = -w**2 + 13*w - 27. Suppose 2*z = -a + 21, -5*a = -188*z + 190*z - 41. What is g(z)?
13
Let n = 1 - -6. Let y(i) = -1461 + 1692 - 241 + i**2 - 7*i. Determine y(n).
-10
Let o(y) = 3*y**2 + 119*y + 82. Let c = 16066 - 16105. Calculate o(c).
4
Let s = -1 + 4. Let v(d) = -4*d - 2. Let b(i) = -2*i - 1. Let k(q) = s*v(q) - 5*b(q). Let u(f) = 3*f**2 + 2*f - 4. Let p be u(-2). Calculate k(p).
-9
Let i(q) = q**3 - q**2 + 1. Suppose -6 = 96*f - 2 - 4. Give i(f).
1
Let a(i) = 34*i**3 + 7*i**2 - 13*i - 3. Let y(s) = -8*s**3 - 2*s**2 + 3*s + 1. Let t(r) = -2*a(r) - 9*y(r). What is t(2)?
43
Let x(g) = -g**2 + 948*g - 4719. Let k be x(5). Let b(d) = -18*d - 15. What is b(k)?
57
Let b(n) = -25*n + 874. Let x(w) = 24*w - 563. Let v(q) = -2*b(q) - 3*x(q). Determine v(-4).
29
Let d(z) be the third derivative of -z**9/60480 - z**8/20160 - z**6/144 - 29*z**5/10 - z**2 + 11*z. Let i(s) be the third derivative of d(s). Give i(0).
-5
Let x(o) = -o**2 - 2*o - 1. Suppose -2 = -3*i - 4*d, 0*i = i + 3*d + 1. Suppose 0 = -r + 2*r + i*r. Suppose 5*v - y = -14, r*y - 20 = -5*y. Determine x(v).
-1
Let a(x) = -3*x - 2. Let c = 234 + -466. Let z = c + 234. Give a(z).
-8
Let k(p) = 5*p**2 + 4*p - 5. Let o(w) = 4*w**2 - 2*w + 2. Let u(f) = k(f) + 3*o(f). Let m = -4 + 5. Give u(m).
16
Let k(h) = h**3 + 10*h**2 + 8*h + 4. Suppose 0 = o + 9 - 17, 2*j - 4*o + 50 = 0. Calculate k(j).
13
Let g(s) be the second derivative of s**4/12 - 5*s**3/2 - 5*s**2 + 538*s. Determine g(15).
-10
Let i(p) = -p**3 + 13*p**2 - 10*p - 9. Let u = 2365 - 2353. Give i(u).
15
Let j = -42 - -50. Let b(y) = y**3 - 7807*y - j + 7807*y + y**2. Let o be 0*(-3 - 5/(-2)). Give b(o).
-8
Let q = -250 + 257. Let c(w) = 6*w**2 + q + 0*w**2 - 1 + 11*w - 7*w**2. Give c(11).
6
Suppose -3*b - 22 = y + 3, -4*y = 4*b + 28. Let z(n) = 9*n + 13*n + 0*n**2 - 4*n**2 - 5 - 7*n. Let s(c) = c**2 - c + 1. Let h(r) = -5*s(r) - z(r). What is h(b)?
9
Let c(z) = 139 + 3 + 37*z + 41*z - 105*z + 37*z. Calculate c(-16).
-18
Suppose -d - 10 = -33. Let o(m) = -25*m**2 - 25*m**2 + m + 68*m**2 + 2 + m**3 - d*m**2. Suppose p = 1 + 3. Calculate o(p).
-10
Let k(p) = p**2 + 23*p + 123. Let r be k(-15). Let o(v) be the second derivative of 2/3*v**r + 1/20*v**5 + 1/2*v**2 - 30*v + 0 - 1/4*v**4. Determine o(3).
13
Let r(x) = -1. Let w(m) = 8*m + 16. Let k(v) = -40*r(v) + w(v). Let a be k(-9). Let s(b) = -b**2 - 17*b - 18. Calculate s(a).
-2
Let n = 127 + -122. Let d(z) = 7*z. Let y(j) = -4*j. Let o(c) = n*y(c) + 3*d(c). Give o(-10).
-10
Let t(q) = 2*q**2 + q. Let p(j) be the second derivative of 11*j**4/12 + 5*j**3/3 - 4*j**2 - 60*j + 1. Let c(i) = -p(i) + 5*t(i). What is c(-6)?
2
Let y(u) be the first derivative of -3*u**2 - 12*u + 1960. Give y(5).
-42
Let f(j) be the third derivative of -1/6*j**3 + 11/60*j**5 - 8*j + j**2 + 1/12*j**4 + 0. Calculate f(1).
12
Let y(k) = -8*k - 33. Suppose -25 + 62 = -21*a - 47. Give y(a).
-1
Let j(o) = -4*o + 1. Let f(g) = -8 - 7*g + 43*g + 2*g - 3*g - 14*g. Let n(l) = 2*f(l) + 11*j(l). Give n(4).
-13
Let s(t) be the first derivative of -6*t - 1/2*t**2 - 50. Calculate s(-4).
-2
Let u(k) be the third derivative of -72*k**2 - 1/8*k**4 + 0*k + 0 - 5/6*k**3 + 1/60*k**5. Calculate u(-4).
23
Let t(y) = -79*y - 3007. Let l be t(-38). Let j(d) = 2*d**3 + 14*d**2 + 20*d + 4. What is j(l)?
4
Let z(n) = 20*n**2 + 13*n - 7. Suppose -3*a = -2*k, -2*a = 20*k - 23*k - 10. Let o(w) = -7*w**2 - 4*w + 2. Let j(l) = k*z(l) - 17*o(l). Calculate j(-6).
32
Let j(n) be the third derivative of -n**4/24 + 8*n**3/3 + 4*n**2. Let m = -3290 + 3303. Give j(m).
3
Let m(y) = -y**3 + 3*y**2 + 10*y - 13. Let o(x) = 2*x**3 - 14*x**2 + 3*x - 17. Let b be o(7). What is m(b)?
11
Let r(i) = -16*i + 25. Let z be -3*(-16)/(-36) - 50/(-6). Let p(t) = 11*t - 17. Let h(o) = z*p(o) + 5*r(o). What is h(9)?
-21
Let g(m) = -5*m. Let j(y) = -9*y. Let i(b) = -10*g(b) + 4*j(b). 